hat is the tens digit of 981?
8
What is the hundreds digit of 462?
4
What is the tens digit of 9072?
7
What is the thousands digit of 29648?
9
What is the units digit of 1713?
3
What is the units digit of 38345?
5
What is the thousands digit of 44290?
4
What is the units digit of 2109?
9
What is the units digit of 73426?
6
What is the units digit of 43218?
8
What is the thousands digit of 117779?
7
What is the tens digit of 966?
6
What is the units digit of 2721?
1
What is the thousands digit of 13500?
3
What is the hundreds digit of 669?
6
What is the units digit of 10189?
9
What is the tens digit of 3419?
1
What is the thousands digit of 3421?
3
What is the units digit of 59652?
2
What is the ten thousands digit of 53416?
5
What is the units digit of 14743?
3
What is the tens digit of 13755?
5
What is the units digit of 20441?
1
What is the thousands digit of 41190?
1
What is the ten thousands digit of 48079?
4
What is the hundreds digit of 13577?
5
What is the ten thousands digit of 57841?
5
What is the hundreds digit of 53803?
8
What is the thousands digit of 129820?
9
What is the units digit of 1091?
1
What is the thousands digit of 11791?
1
What is the hundreds digit of 106349?
3
What is the units digit of 657?
7
What is the tens digit of 82540?
4
What is the thousands digit of 10941?
0
What is the units digit of 88576?
6
What is the units digit of 1154?
4
What is the tens digit of 1854?
5
What is the hundreds digit of 45477?
4
What is the hundreds digit of 1559?
5
What is the hundreds digit of 264?
2
What is the units digit of 615?
5
What is the hundreds digit of 1117?
1
What is the hundreds digit of 13555?
5
What is the tens digit of 1269?
6
What is the units digit of 7964?
4
What is the units digit of 116904?
4
What is the ten thousands digit of 25005?
2
What is the thousands digit of 1308?
1
What is the tens digit of 865?
6
What is the tens digit of 14645?
4
What is the tens digit of 90728?
2
What is the tens digit of 546?
4
What is the hundreds digit of 1395?
3
What is the tens digit of 1204?
0
What is the tens digit of 32937?
3
What is the thousands digit of 1846?
1
What is the hundreds digit of 10366?
3
What is the tens digit of 14470?
7
What is the ten thousands digit of 46767?
4
What is the thousands digit of 6419?
6
What is the tens digit of 18684?
8
What is the units digit of 8756?
6
What is the thousands digit of 46448?
6
What is the thousands digit of 1518?
1
What is the units digit of 14562?
2
What is the thousands digit of 2290?
2
What is the hundreds digit of 138300?
3
What is the units digit of 15256?
6
What is the tens digit of 599?
9
What is the units digit of 2068?
8
What is the thousands digit of 36761?
6
What is the hundreds digit of 1824?
8
What is the tens digit of 1294?
9
What is the tens digit of 1011?
1
What is the thousands digit of 118180?
8
What is the tens digit of 2224?
2
What is the hundreds digit of 155626?
6
What is the units digit of 1307?
7
What is the hundreds digit of 809?
8
What is the tens digit of 597?
9
What is the tens digit of 57801?
0
What is the ten thousands digit of 20325?
2
What is the ten thousands digit of 14516?
1
What is the tens digit of 1304?
0
What is the units digit of 2397?
7
What is the ten thousands digit of 15094?
1
What is the thousands digit of 4314?
4
What is the units digit of 20610?
0
What is the hundreds digit of 3400?
4
What is the hundreds digit of 512?
5
What is the thousands digit of 6263?
6
What is the units digit of 4117?
7
What is the units digit of 32375?
5
What is the hundreds digit of 3162?
1
What is the thousands digit of 7597?
7
What is the units digit of 156514?
4
What is the tens digit of 20369?
6
What is the units digit of 700?
0
What is the thousands digit of 12376?
2
What is the thousands digit of 4765?
4
What is the units digit of 6915?
5
What is the tens digit of 64121?
2
What is the thousands digit of 4888?
4
What is the hundreds digit of 4105?
1
What is the thousands digit of 3403?
3
What is the units digit of 25374?
4
What is the tens digit of 1499?
9
What is the units digit of 7677?
7
What is the thousands digit of 2273?
2
What is the units digit of 1266?
6
What is the units digit of 44027?
7
What is the tens digit of 2766?
6
What is the tens digit of 21145?
4
What is the units digit of 1297?
7
What is the hundreds digit of 13678?
6
What is the units digit of 4338?
8
What is the hundreds digit of 3466?
4
What is the units digit of 788?
8
What is the units digit of 1505?
5
What is the ten thousands digit of 61247?
6
What is the units digit of 6001?
1
What is the tens digit of 2363?
6
What is the units digit of 14228?
8
What is the hundreds digit of 8536?
5
What is the thousands digit of 1527?
1
What is the hundreds digit of 280?
2
What is the thousands digit of 4170?
4
What is the tens digit of 689?
8
What is the tens digit of 157?
5
What is the tens digit of 86398?
9
What is the tens digit of 977?
7
What is the units digit of 12412?
2
What is the hundreds digit of 5399?
3
What is the hundreds digit of 120132?
1
What is the hundreds digit of 18018?
0
What is the units digit of 5381?
1
What is the thousands digit of 9147?
9
What is the ten thousands digit of 16516?
1
What is the units digit of 8754?
4
What is the hundreds digit of 422?
4
What is the ten thousands digit of 54176?
5
What is the units digit of 23563?
3
What is the tens digit of 1143?
4
What is the units digit of 46774?
4
What is the ten thousands digit of 17662?
1
What is the units digit of 2576?
6
What is the hundreds digit of 1958?
9
What is the units digit of 3456?
6
What is the tens digit of 9320?
2
What is the tens digit of 784?
8
What is the units digit of 2826?
6
What is the tens digit of 867?
6
What is the ten thousands digit of 117617?
1
What is the hundreds digit of 31511?
5
What is the tens digit of 4856?
5
What is the tens digit of 1019?
1
What is the tens digit of 6291?
9
What is the thousands digit of 8441?
8
What is the hundreds digit of 124110?
1
What is the hundreds digit of 1152?
1
What is the tens digit of 4716?
1
What is the units digit of 1597?
7
What is the thousands digit of 46284?
6
What is the hundreds digit of 1449?
4
What is the tens digit of 2665?
6
What is the units digit of 48?
8
What is the units digit of 26885?
5
What is the units digit of 21352?
2
What is the thousands digit of 1764?
1
What is the hundreds digit of 15810?
8
What is the hundreds digit of 1582?
5
What is the hundreds digit of 26482?
4
What is the tens digit of 16006?
0
What is the units digit of 2881?
1
What is the thousands digit of 11755?
1
What is the ten thousands digit of 17348?
1
What is the tens digit of 1194?
9
What is the tens digit of 2987?
8
What is the thousands digit of 7358?
7
What is the hundreds digit of 150712?
7
What is the hundreds digit of 12581?
5
What is the thousands digit of 1406?
1
What is the tens digit of 1292?
9
What is the tens digit of 25939?
3
What is the ten thousands digit of 37194?
3
What is the thousands digit of 1148?
1
What is the hundreds digit of 547?
5
What is the hundreds digit of 55226?
2
What is the thousands digit of 4446?
4
What is the ten thousands digit of 39617?
3
What is the ten thousands digit of 141060?
4
What is the units digit of 1743?
3
What is the units digit of 557?
7
What is the thousands digit of 5330?
5
What is the thousands digit of 3039?
3
What is the ten thousands digit of 18260?
1
What is the thousands digit of 43279?
3
What is the hundreds digit of 488?
4
What is the tens digit of 3829?
2
What is the units digit of 1555?
5
What is the units digit of 5092?
2
What is the thousands digit of 63303?
3
What is the tens digit of 2744?
4
What is the hundred thousands digit of 183052?
1
What is the hundreds digit of 1201?
2
What is the units digit of 2066?
6
What is the hundreds digit of 7098?
0
What is the thousands digit of 127989?
7
What is the units digit of 5086?
6
What is the thousands digit of 4969?
4
What is the hundreds digit of 2190?
1
What is the thousands digit of 55808?
5
What is the units digit of 3225?
5
What is the tens digit of 172?
7
What is the tens digit of 11037?
3
What is the hundreds digit of 27446?
4
What is the tens digit of 5252?
5
What is the tens digit of 4521?
2
What is the hundreds digit of 5491?
4
Wh